{"id":1797,"date":"2025-06-20T11:53:45","date_gmt":"2025-06-20T10:53:45","guid":{"rendered":"https:\/\/sundtindeklima.dk\/anmeldelser\/"},"modified":"2026-03-06T17:07:18","modified_gmt":"2026-03-06T16:07:18","slug":"referencer","status":"publish","type":"page","link":"https:\/\/sundtindeklima.dk\/?page_id=1797","title":{"rendered":"Referencer"},"content":{"rendered":"\t\t<div data-elementor-type=\"wp-page\" data-elementor-id=\"1797\" class=\"elementor elementor-1797\" data-elementor-post-type=\"page\">\n\t\t\t\t\t\t<section class=\"elementor-section elementor-top-section elementor-element elementor-element-3d4b318e elementor-section-height-min-height elementor-section-boxed elementor-section-height-default elementor-section-items-middle\" data-id=\"3d4b318e\" data-element_type=\"section\" data-e-type=\"section\" data-settings=\"{&quot;background_background&quot;:&quot;classic&quot;}\">\n\t\t\t\t\t\t\t<div class=\"elementor-background-overlay\"><\/div>\n\t\t\t\t\t\t\t<div class=\"elementor-container elementor-column-gap-default\">\n\t\t\t\t\t<div class=\"elementor-column elementor-col-100 elementor-top-column elementor-element elementor-element-3a42b22f\" data-id=\"3a42b22f\" data-element_type=\"column\" data-e-type=\"column\">\n\t\t\t<div class=\"elementor-widget-wrap elementor-element-populated\">\n\t\t\t\t\t\t<div class=\"elementor-element elementor-element-453c335f elementor-widget elementor-widget-heading\" data-id=\"453c335f\" data-element_type=\"widget\" data-e-type=\"widget\" data-widget_type=\"heading.default\">\n\t\t\t\t<div class=\"elementor-widget-container\">\n\t\t\t\t\t<h1 class=\"elementor-heading-title elementor-size-default\">Vandv\u00e6ggene hos vores kunder<\/h1>\t\t\t\t<\/div>\n\t\t\t\t<\/div>\n\t\t\t\t<div class=\"elementor-element elementor-element-c2ab9be elementor-widget elementor-widget-text-editor\" data-id=\"c2ab9be\" data-element_type=\"widget\" data-e-type=\"widget\" data-widget_type=\"text-editor.default\">\n\t\t\t\t<div class=\"elementor-widget-container\">\n\t\t\t\t\t\t\t\t\t<p>P\u00e5 denne side har vi samlet et galleri med billeder af vandv\u00e6gge, som vi har leveret til et udpluk af vores kunder. Hos Sundt-Indeklima g\u00f8r vi en dyd ud af at finde den l\u00f8sning, der passer virksomheden bedst, og vi tilbyder derfor forskellige typer af vandv\u00e6gge, der kan tilpasses virksomhedens indretning og visuelle identitet.<\/p><p>\u00a0<\/p>\t\t\t\t\t\t\t\t<\/div>\n\t\t\t\t<\/div>\n\t\t\t\t<div class=\"elementor-element elementor-element-685e12e7 elementor-hidden-desktop elementor-hidden-tablet elementor-hidden-mobile elementor-view-default elementor-widget elementor-widget-icon\" data-id=\"685e12e7\" data-element_type=\"widget\" data-e-type=\"widget\" data-widget_type=\"icon.default\">\n\t\t\t\t<div class=\"elementor-widget-container\">\n\t\t\t\t\t\t\t<div class=\"elementor-icon-wrapper\">\n\t\t\t<div class=\"elementor-icon\">\n\t\t\t<svg xmlns=\"http:\/\/www.w3.org\/2000\/svg\" xmlns:xlink=\"http:\/\/www.w3.org\/1999\/xlink\" width=\"512\" height=\"512\" x=\"0\" y=\"0\" viewBox=\"0 0 490 490\" style=\"enable-background:new 0 0 512 512\" xml:space=\"preserve\" class=\"\"><g><path d=\"m60.44 233.482-11.545-37.267-11.544 37.267H0l30.22 23.031-11.544 37.272 30.219-23.041 30.22 23.041-11.544-37.272 30.22-23.031zM158.492 233.482l-11.544-37.267-11.545 37.267H98.052l30.22 23.031-11.544 37.272 30.22-23.041 30.22 23.041-11.545-37.272 30.22-23.031zM256.544 233.482 245 196.215l-11.544 37.267h-37.352l30.22 23.031-11.544 37.272L245 270.744l30.22 23.041-11.544-37.272 30.219-23.031zM354.596 233.482l-11.544-37.267-11.544 37.267h-37.351l30.22 23.031-11.545 37.272 30.22-23.041 30.22 23.041-11.544-37.272 30.22-23.031zM441.105 196.215l-11.545 37.267h-37.351l30.22 23.031-11.544 37.272 30.22-23.041 30.219 23.041-11.544-37.272L490 233.482h-37.351z\" fill=\"#f8b807\" opacity=\"1\" data-original=\"#000000\" class=\"\"><\/path><\/g><\/svg>\t\t\t<\/div>\n\t\t<\/div>\n\t\t\t\t\t\t<\/div>\n\t\t\t\t<\/div>\n\t\t\t\t\t<\/div>\n\t\t<\/div>\n\t\t\t\t\t<\/div>\n\t\t<\/section>\n\t\t\t\t<section class=\"elementor-section elementor-top-section elementor-element elementor-element-75b89c elementor-section-boxed elementor-section-height-default elementor-section-height-default\" data-id=\"75b89c\" data-element_type=\"section\" data-e-type=\"section\" data-settings=\"{&quot;background_background&quot;:&quot;classic&quot;}\">\n\t\t\t\t\t\t<div class=\"elementor-container elementor-column-gap-default\">\n\t\t\t\t\t<div class=\"elementor-column elementor-col-100 elementor-top-column elementor-element elementor-element-bdcbef9\" data-id=\"bdcbef9\" data-element_type=\"column\" data-e-type=\"column\">\n\t\t\t<div class=\"elementor-widget-wrap elementor-element-populated\">\n\t\t\t\t\t\t<section class=\"elementor-section elementor-inner-section elementor-element elementor-element-2bab8489 elementor-section-boxed elementor-section-height-default elementor-section-height-default\" data-id=\"2bab8489\" data-element_type=\"section\" data-e-type=\"section\">\n\t\t\t\t\t\t<div class=\"elementor-container elementor-column-gap-default\">\n\t\t\t\t\t<div class=\"elementor-column elementor-col-50 elementor-inner-column elementor-element elementor-element-1f1fd9c5\" data-id=\"1f1fd9c5\" data-element_type=\"column\" data-e-type=\"column\">\n\t\t\t<div class=\"elementor-widget-wrap elementor-element-populated\">\n\t\t\t\t\t\t<div class=\"elementor-element elementor-element-b2e787d elementor-widget elementor-widget-heading\" data-id=\"b2e787d\" data-element_type=\"widget\" data-e-type=\"widget\" data-widget_type=\"heading.default\">\n\t\t\t\t<div class=\"elementor-widget-container\">\n\t\t\t\t\t<h2 class=\"elementor-heading-title elementor-size-default\">Skulpturel vandv\u00e6g<\/h2>\t\t\t\t<\/div>\n\t\t\t\t<\/div>\n\t\t\t\t<div class=\"elementor-element elementor-element-2d46e7b elementor-widget elementor-widget-image\" data-id=\"2d46e7b\" data-element_type=\"widget\" data-e-type=\"widget\" data-widget_type=\"image.default\">\n\t\t\t\t<div class=\"elementor-widget-container\">\n\t\t\t\t\t\t\t\t\t\t\t\t\t\t\t<img fetchpriority=\"high\" decoding=\"async\" width=\"400\" height=\"533\" src=\"https:\/\/sundtindeklima.dk\/wp-content\/uploads\/2021\/05\/Boxit.jpg\" class=\"attachment-full size-full wp-image-534\" alt=\"Montana Vandv\u00e6g fra Sundt-Indeklima\" srcset=\"https:\/\/sundtindeklima.dk\/wp-content\/uploads\/2021\/05\/Boxit.jpg 400w, https:\/\/sundtindeklima.dk\/wp-content\/uploads\/2021\/05\/Boxit-225x300.jpg 225w\" sizes=\"(max-width: 400px) 100vw, 400px\" title=\"\">\t\t\t\t\t\t\t\t\t\t\t\t\t\t\t<\/div>\n\t\t\t\t<\/div>\n\t\t\t\t<div class=\"elementor-element elementor-element-0344b8c elementor-widget elementor-widget-text-editor\" data-id=\"0344b8c\" data-element_type=\"widget\" data-e-type=\"widget\" data-widget_type=\"text-editor.default\">\n\t\t\t\t<div class=\"elementor-widget-container\">\n\t\t\t\t\t\t\t\t\t<p>Smuk stor Botanique vandv\u00e6g hos Boxit i Aalborg. Vandv\u00e6ggen fremst\u00e5r dekorativ som en skulptur i rummet.<\/p>\t\t\t\t\t\t\t\t<\/div>\n\t\t\t\t<\/div>\n\t\t\t\t\t<\/div>\n\t\t<\/div>\n\t\t\t\t<div class=\"elementor-column elementor-col-50 elementor-inner-column elementor-element elementor-element-7b8fe2ed\" data-id=\"7b8fe2ed\" data-element_type=\"column\" data-e-type=\"column\">\n\t\t\t<div class=\"elementor-widget-wrap elementor-element-populated\">\n\t\t\t\t\t\t<div class=\"elementor-element elementor-element-3bb1413 elementor-widget elementor-widget-heading\" data-id=\"3bb1413\" data-element_type=\"widget\" data-e-type=\"widget\" data-widget_type=\"heading.default\">\n\t\t\t\t<div class=\"elementor-widget-container\">\n\t\t\t\t\t<h2 class=\"elementor-heading-title elementor-size-default\">Vandv\u00e6g i SuperBest<\/h2>\t\t\t\t<\/div>\n\t\t\t\t<\/div>\n\t\t\t\t<div class=\"elementor-element elementor-element-220f86cb elementor-widget elementor-widget-image\" data-id=\"220f86cb\" data-element_type=\"widget\" data-e-type=\"widget\" data-widget_type=\"image.default\">\n\t\t\t\t<div class=\"elementor-widget-container\">\n\t\t\t\t\t\t\t\t\t\t\t\t\t\t\t<img decoding=\"async\" width=\"400\" height=\"533\" src=\"https:\/\/sundtindeklima.dk\/wp-content\/uploads\/2021\/05\/Botanique_vandvaeg_supermarked2.jpg\" class=\"attachment-full size-full wp-image-532\" alt=\"Vandv\u00e6g\" srcset=\"https:\/\/sundtindeklima.dk\/wp-content\/uploads\/2021\/05\/Botanique_vandvaeg_supermarked2.jpg 400w, https:\/\/sundtindeklima.dk\/wp-content\/uploads\/2021\/05\/Botanique_vandvaeg_supermarked2-225x300.jpg 225w\" sizes=\"(max-width: 400px) 100vw, 400px\" title=\"\">\t\t\t\t\t\t\t\t\t\t\t\t\t\t\t<\/div>\n\t\t\t\t<\/div>\n\t\t\t\t<div class=\"elementor-element elementor-element-f875cf2 elementor-widget elementor-widget-text-editor\" data-id=\"f875cf2\" data-element_type=\"widget\" data-e-type=\"widget\" data-widget_type=\"text-editor.default\">\n\t\t\t\t<div class=\"elementor-widget-container\">\n\t\t\t\t\t\t\t\t\t<p>Flot stor Botanique vandv\u00e6g i supermarkedet SuperBest. Hj\u00e6lper med at holde blomsterne friske.<\/p>\t\t\t\t\t\t\t\t<\/div>\n\t\t\t\t<\/div>\n\t\t\t\t\t<\/div>\n\t\t<\/div>\n\t\t\t\t\t<\/div>\n\t\t<\/section>\n\t\t\t\t<section class=\"elementor-section elementor-inner-section elementor-element elementor-element-101857e elementor-section-boxed elementor-section-height-default elementor-section-height-default\" data-id=\"101857e\" data-element_type=\"section\" data-e-type=\"section\">\n\t\t\t\t\t\t<div class=\"elementor-container elementor-column-gap-default\">\n\t\t\t\t\t<div class=\"elementor-column elementor-col-50 elementor-inner-column elementor-element elementor-element-f0ecbd9\" data-id=\"f0ecbd9\" data-element_type=\"column\" data-e-type=\"column\">\n\t\t\t<div class=\"elementor-widget-wrap elementor-element-populated\">\n\t\t\t\t\t\t<div class=\"elementor-element elementor-element-8391723 elementor-widget elementor-widget-heading\" data-id=\"8391723\" data-element_type=\"widget\" data-e-type=\"widget\" data-widget_type=\"heading.default\">\n\t\t\t\t<div class=\"elementor-widget-container\">\n\t\t\t\t\t<h2 class=\"elementor-heading-title elementor-size-default\">Vandv\u00e6g med logo<\/h2>\t\t\t\t<\/div>\n\t\t\t\t<\/div>\n\t\t\t\t<div class=\"elementor-element elementor-element-6ff2147 elementor-widget elementor-widget-image\" data-id=\"6ff2147\" data-element_type=\"widget\" data-e-type=\"widget\" data-widget_type=\"image.default\">\n\t\t\t\t<div class=\"elementor-widget-container\">\n\t\t\t\t\t\t\t\t\t\t\t\t\t\t\t<img decoding=\"async\" width=\"400\" height=\"533\" src=\"https:\/\/sundtindeklima.dk\/wp-content\/uploads\/2021\/05\/BotaniqueXL_Blue03.jpg\" class=\"attachment-full size-full wp-image-533\" alt=\"Aeris Vandv\u00e6g fra Sundt-Indeklima\" srcset=\"https:\/\/sundtindeklima.dk\/wp-content\/uploads\/2021\/05\/BotaniqueXL_Blue03.jpg 400w, https:\/\/sundtindeklima.dk\/wp-content\/uploads\/2021\/05\/BotaniqueXL_Blue03-225x300.jpg 225w\" sizes=\"(max-width: 400px) 100vw, 400px\" title=\"\">\t\t\t\t\t\t\t\t\t\t\t\t\t\t\t<\/div>\n\t\t\t\t<\/div>\n\t\t\t\t<div class=\"elementor-element elementor-element-ce4c780 elementor-widget elementor-widget-text-editor\" data-id=\"ce4c780\" data-element_type=\"widget\" data-e-type=\"widget\" data-widget_type=\"text-editor.default\">\n\t\t\t\t<div class=\"elementor-widget-container\">\n\t\t\t\t\t\t\t\t\t<p>Moderne Aeris vandv\u00e6g med en visuel identitet tilpasset virksomheden. Perfekt til messer og receptioner.<\/p>\t\t\t\t\t\t\t\t<\/div>\n\t\t\t\t<\/div>\n\t\t\t\t\t<\/div>\n\t\t<\/div>\n\t\t\t\t<div class=\"elementor-column elementor-col-50 elementor-inner-column elementor-element elementor-element-467f1dc\" data-id=\"467f1dc\" data-element_type=\"column\" data-e-type=\"column\">\n\t\t\t<div class=\"elementor-widget-wrap elementor-element-populated\">\n\t\t\t\t\t\t<div class=\"elementor-element elementor-element-deeff2e elementor-widget elementor-widget-heading\" data-id=\"deeff2e\" data-element_type=\"widget\" data-e-type=\"widget\" data-widget_type=\"heading.default\">\n\t\t\t\t<div class=\"elementor-widget-container\">\n\t\t\t\t\t<h2 class=\"elementor-heading-title elementor-size-default\">Den lille vandv\u00e6g<\/h2>\t\t\t\t<\/div>\n\t\t\t\t<\/div>\n\t\t\t\t<div class=\"elementor-element elementor-element-66d65c5 elementor-widget elementor-widget-image\" data-id=\"66d65c5\" data-element_type=\"widget\" data-e-type=\"widget\" data-widget_type=\"image.default\">\n\t\t\t\t<div class=\"elementor-widget-container\">\n\t\t\t\t\t\t\t\t\t\t\t\t\t\t\t<img loading=\"lazy\" decoding=\"async\" width=\"400\" height=\"533\" src=\"https:\/\/sundtindeklima.dk\/wp-content\/uploads\/2021\/05\/Anubis40_rod_sort.jpg\" class=\"attachment-full size-full wp-image-536\" alt=\"Anubis40 Vandv\u00e6g fra SundtIndeklima til det mindre kontor\" srcset=\"https:\/\/sundtindeklima.dk\/wp-content\/uploads\/2021\/05\/Anubis40_rod_sort.jpg 400w, https:\/\/sundtindeklima.dk\/wp-content\/uploads\/2021\/05\/Anubis40_rod_sort-225x300.jpg 225w\" sizes=\"(max-width: 400px) 100vw, 400px\" title=\"\">\t\t\t\t\t\t\t\t\t\t\t\t\t\t\t<\/div>\n\t\t\t\t<\/div>\n\t\t\t\t<div class=\"elementor-element elementor-element-b868e7a elementor-widget elementor-widget-text-editor\" data-id=\"b868e7a\" data-element_type=\"widget\" data-e-type=\"widget\" data-widget_type=\"text-editor.default\">\n\t\t\t\t<div class=\"elementor-widget-container\">\n\t\t\t\t\t\t\t\t\t<p>Anubis40 vandv\u00e6ggen er det popul\u00e6re valg til de lidt mindre rum. Vandv\u00e6ggen kan styles i forskellige farver.<\/p>\t\t\t\t\t\t\t\t<\/div>\n\t\t\t\t<\/div>\n\t\t\t\t\t<\/div>\n\t\t<\/div>\n\t\t\t\t\t<\/div>\n\t\t<\/section>\n\t\t\t\t<section class=\"elementor-section elementor-inner-section elementor-element elementor-element-a074e7d elementor-section-boxed elementor-section-height-default elementor-section-height-default\" data-id=\"a074e7d\" data-element_type=\"section\" data-e-type=\"section\">\n\t\t\t\t\t\t<div class=\"elementor-container elementor-column-gap-default\">\n\t\t\t\t\t<div class=\"elementor-column elementor-col-50 elementor-inner-column elementor-element elementor-element-4ee34a2\" data-id=\"4ee34a2\" data-element_type=\"column\" data-e-type=\"column\">\n\t\t\t<div class=\"elementor-widget-wrap elementor-element-populated\">\n\t\t\t\t\t\t<div class=\"elementor-element elementor-element-d78b311 elementor-widget elementor-widget-heading\" data-id=\"d78b311\" data-element_type=\"widget\" data-e-type=\"widget\" data-widget_type=\"heading.default\">\n\t\t\t\t<div class=\"elementor-widget-container\">\n\t\t\t\t\t<h2 class=\"elementor-heading-title elementor-size-default\">Bobbelv\u00e6g med lys<\/h2>\t\t\t\t<\/div>\n\t\t\t\t<\/div>\n\t\t\t\t<div class=\"elementor-element elementor-element-0bb427f elementor-widget elementor-widget-image\" data-id=\"0bb427f\" data-element_type=\"widget\" data-e-type=\"widget\" data-widget_type=\"image.default\">\n\t\t\t\t<div class=\"elementor-widget-container\">\n\t\t\t\t\t\t\t\t\t\t\t\t\t\t\t<img loading=\"lazy\" decoding=\"async\" width=\"400\" height=\"533\" src=\"https:\/\/sundtindeklima.dk\/wp-content\/uploads\/2021\/05\/Botanique_m_lys.jpg\" class=\"attachment-full size-full wp-image-530\" alt=\"V\u00e6gmonteret Boblev\u00e6g\" srcset=\"https:\/\/sundtindeklima.dk\/wp-content\/uploads\/2021\/05\/Botanique_m_lys.jpg 400w, https:\/\/sundtindeklima.dk\/wp-content\/uploads\/2021\/05\/Botanique_m_lys-225x300.jpg 225w\" sizes=\"(max-width: 400px) 100vw, 400px\" title=\"\">\t\t\t\t\t\t\t\t\t\t\t\t\t\t\t<\/div>\n\t\t\t\t<\/div>\n\t\t\t\t<div class=\"elementor-element elementor-element-b240c60 elementor-widget elementor-widget-text-editor\" data-id=\"b240c60\" data-element_type=\"widget\" data-e-type=\"widget\" data-widget_type=\"text-editor.default\">\n\t\t\t\t<div class=\"elementor-widget-container\">\n\t\t\t\t\t\t\t\t\t<p>Vores flotte Botanique vandv\u00e6gge kan styles med f.eks. en lyss\u00e6tning, der g\u00f8r vandv\u00e6ggen skulpturel.<\/p>\t\t\t\t\t\t\t\t<\/div>\n\t\t\t\t<\/div>\n\t\t\t\t\t<\/div>\n\t\t<\/div>\n\t\t\t\t<div class=\"elementor-column elementor-col-50 elementor-inner-column elementor-element elementor-element-ea4840a\" data-id=\"ea4840a\" data-element_type=\"column\" data-e-type=\"column\">\n\t\t\t<div class=\"elementor-widget-wrap elementor-element-populated\">\n\t\t\t\t\t\t<div class=\"elementor-element elementor-element-74c0b6b elementor-widget elementor-widget-heading\" data-id=\"74c0b6b\" data-element_type=\"widget\" data-e-type=\"widget\" data-widget_type=\"heading.default\">\n\t\t\t\t<div class=\"elementor-widget-container\">\n\t\t\t\t\t<h2 class=\"elementor-heading-title elementor-size-default\">Vandv\u00e6g med farve<\/h2>\t\t\t\t<\/div>\n\t\t\t\t<\/div>\n\t\t\t\t<div class=\"elementor-element elementor-element-1a9c744 elementor-widget elementor-widget-image\" data-id=\"1a9c744\" data-element_type=\"widget\" data-e-type=\"widget\" data-widget_type=\"image.default\">\n\t\t\t\t<div class=\"elementor-widget-container\">\n\t\t\t\t\t\t\t\t\t\t\t\t\t\t\t<img loading=\"lazy\" decoding=\"async\" width=\"400\" height=\"533\" src=\"https:\/\/sundtindeklima.dk\/wp-content\/uploads\/2021\/05\/Anubis40_rod.jpg\" class=\"attachment-full size-full wp-image-535\" alt=\"Anubis40 vandv\u00e6g\" srcset=\"https:\/\/sundtindeklima.dk\/wp-content\/uploads\/2021\/05\/Anubis40_rod.jpg 400w, https:\/\/sundtindeklima.dk\/wp-content\/uploads\/2021\/05\/Anubis40_rod-225x300.jpg 225w\" sizes=\"(max-width: 400px) 100vw, 400px\" title=\"\">\t\t\t\t\t\t\t\t\t\t\t\t\t\t\t<\/div>\n\t\t\t\t<\/div>\n\t\t\t\t<div class=\"elementor-element elementor-element-a6bbdad elementor-widget elementor-widget-text-editor\" data-id=\"a6bbdad\" data-element_type=\"widget\" data-e-type=\"widget\" data-widget_type=\"text-editor.default\">\n\t\t\t\t<div class=\"elementor-widget-container\">\n\t\t\t\t\t\t\t\t\t<p>Anubis40 vandv\u00e6ggen passer godt ind i mellem de \u00f8vrige m\u00f8bler p\u00e5 et mindre kontor.<\/p>\t\t\t\t\t\t\t\t<\/div>\n\t\t\t\t<\/div>\n\t\t\t\t\t<\/div>\n\t\t<\/div>\n\t\t\t\t\t<\/div>\n\t\t<\/section>\n\t\t\t\t<section class=\"elementor-section elementor-inner-section elementor-element elementor-element-055632d elementor-section-boxed elementor-section-height-default elementor-section-height-default\" data-id=\"055632d\" data-element_type=\"section\" data-e-type=\"section\">\n\t\t\t\t\t\t<div class=\"elementor-container elementor-column-gap-default\">\n\t\t\t\t\t<div class=\"elementor-column elementor-col-50 elementor-inner-column elementor-element elementor-element-43fb742\" data-id=\"43fb742\" data-element_type=\"column\" data-e-type=\"column\">\n\t\t\t<div class=\"elementor-widget-wrap elementor-element-populated\">\n\t\t\t\t\t\t<div class=\"elementor-element elementor-element-c570df0 elementor-widget elementor-widget-heading\" data-id=\"c570df0\" data-element_type=\"widget\" data-e-type=\"widget\" data-widget_type=\"heading.default\">\n\t\t\t\t<div class=\"elementor-widget-container\">\n\t\t\t\t\t<h2 class=\"elementor-heading-title elementor-size-default\">Botanique Vandv\u00e6g - smuk og stille<\/h2>\t\t\t\t<\/div>\n\t\t\t\t<\/div>\n\t\t\t\t<div class=\"elementor-element elementor-element-3f65097 elementor-widget elementor-widget-image\" data-id=\"3f65097\" data-element_type=\"widget\" data-e-type=\"widget\" data-widget_type=\"image.default\">\n\t\t\t\t<div class=\"elementor-widget-container\">\n\t\t\t\t\t\t\t\t\t\t\t\t\t\t\t<img loading=\"lazy\" decoding=\"async\" width=\"345\" height=\"697\" src=\"https:\/\/sundtindeklima.dk\/wp-content\/uploads\/2026\/03\/Botanique_02.jpg\" class=\"attachment-full size-full wp-image-2198\" alt=\"Elegante Botanique vandv\u00e6gge, findes i mange farver og st\u00f8rrelser, hj\u00e6lper p\u00e5 bedre indeklima, p\u00e5 de st\u00f8rre kontorer\" srcset=\"https:\/\/sundtindeklima.dk\/wp-content\/uploads\/2026\/03\/Botanique_02.jpg 345w, https:\/\/sundtindeklima.dk\/wp-content\/uploads\/2026\/03\/Botanique_02-148x300.jpg 148w\" sizes=\"(max-width: 345px) 100vw, 345px\" title=\"\">\t\t\t\t\t\t\t\t\t\t\t\t\t\t\t<\/div>\n\t\t\t\t<\/div>\n\t\t\t\t<div class=\"elementor-element elementor-element-907281c elementor-widget elementor-widget-text-editor\" data-id=\"907281c\" data-element_type=\"widget\" data-e-type=\"widget\" data-widget_type=\"text-editor.default\">\n\t\t\t\t<div class=\"elementor-widget-container\">\n\t\t\t\t\t\t\t\t\t<p>Elegante Botanique vandv\u00e6gge.<br \/>Er 99,9% stille &#8211; ingen vandplask<br \/>Findes i mange farver og st\u00f8rrelser,<br \/>hj\u00e6lper p\u00e5 bedre indeklima, p\u00e5 de st\u00f8rre kontorer<\/p>\t\t\t\t\t\t\t\t<\/div>\n\t\t\t\t<\/div>\n\t\t\t\t\t<\/div>\n\t\t<\/div>\n\t\t\t\t<div class=\"elementor-column elementor-col-50 elementor-inner-column elementor-element elementor-element-3a56d9e\" data-id=\"3a56d9e\" data-element_type=\"column\" data-e-type=\"column\">\n\t\t\t<div class=\"elementor-widget-wrap elementor-element-populated\">\n\t\t\t\t\t\t<div class=\"elementor-element elementor-element-e81c547 elementor-widget elementor-widget-heading\" data-id=\"e81c547\" data-element_type=\"widget\" data-e-type=\"widget\" data-widget_type=\"heading.default\">\n\t\t\t\t<div class=\"elementor-widget-container\">\n\t\t\t\t\t<h2 class=\"elementor-heading-title elementor-size-default\">Vandv\u00e6g i forskellige farver<\/h2>\t\t\t\t<\/div>\n\t\t\t\t<\/div>\n\t\t\t\t<div class=\"elementor-element elementor-element-4e9da33 elementor-widget elementor-widget-image\" data-id=\"4e9da33\" data-element_type=\"widget\" data-e-type=\"widget\" data-widget_type=\"image.default\">\n\t\t\t\t<div class=\"elementor-widget-container\">\n\t\t\t\t\t\t\t\t\t\t\t\t\t\t\t<img loading=\"lazy\" decoding=\"async\" width=\"1052\" height=\"1146\" src=\"https:\/\/sundtindeklima.dk\/wp-content\/uploads\/2026\/03\/Anubis40_04_.jpg\" class=\"attachment-full size-full wp-image-2189\" alt=\"Anubis40 i flere farver, afhj\u00e6lper t\u00f8rt indeklima, t\u00f8r hud, \u00f8jne og slimhinder, hovedpine og tr\u00e6thed\" srcset=\"https:\/\/sundtindeklima.dk\/wp-content\/uploads\/2026\/03\/Anubis40_04_.jpg 1052w, https:\/\/sundtindeklima.dk\/wp-content\/uploads\/2026\/03\/Anubis40_04_-275x300.jpg 275w, https:\/\/sundtindeklima.dk\/wp-content\/uploads\/2026\/03\/Anubis40_04_-940x1024.jpg 940w, https:\/\/sundtindeklima.dk\/wp-content\/uploads\/2026\/03\/Anubis40_04_-768x837.jpg 768w\" sizes=\"(max-width: 1052px) 100vw, 1052px\" title=\"\">\t\t\t\t\t\t\t\t\t\t\t\t\t\t\t<\/div>\n\t\t\t\t<\/div>\n\t\t\t\t<div class=\"elementor-element elementor-element-ed64f13 elementor-widget elementor-widget-text-editor\" data-id=\"ed64f13\" data-element_type=\"widget\" data-e-type=\"widget\" data-widget_type=\"text-editor.default\">\n\t\t\t\t<div class=\"elementor-widget-container\">\n\t\t\t\t\t\t\t\t\t<p>Anubis40 i flere farver, afhj\u00e6lper t\u00f8rt indeklima, t\u00f8r hud, \u00f8jne og slimhinder, hovedpine og tr\u00e6thed<br \/>virkelig god l\u00f8sning p\u00e5 et mindre kontor.<\/p>\t\t\t\t\t\t\t\t<\/div>\n\t\t\t\t<\/div>\n\t\t\t\t\t<\/div>\n\t\t<\/div>\n\t\t\t\t\t<\/div>\n\t\t<\/section>\n\t\t\t\t\t<\/div>\n\t\t<\/div>\n\t\t\t\t\t<\/div>\n\t\t<\/section>\n\t\t\t\t<\/div>\n\t\t","protected":false},"excerpt":{"rendered":"<p>Vandv\u00e6ggene hos vores kunder P\u00e5 denne side har vi samlet et galleri med billeder af vandv\u00e6gge, som vi har leveret til et udpluk af vores kunder. Hos Sundt-Indeklima g\u00f8r vi en dyd ud af at finde den l\u00f8sning, der passer virksomheden bedst, og vi tilbyder derfor forskellige typer af vandv\u00e6gge, der kan tilpasses virksomhedens indretning [&hellip;]<\/p>\n","protected":false},"author":3,"featured_media":612,"parent":0,"menu_order":0,"comment_status":"closed","ping_status":"closed","template":"","meta":{"footnotes":""},"class_list":["post-1797","page","type-page","status-publish","has-post-thumbnail","hentry"],"_links":{"self":[{"href":"https:\/\/sundtindeklima.dk\/index.php?rest_route=\/wp\/v2\/pages\/1797","targetHints":{"allow":["GET"]}}],"collection":[{"href":"https:\/\/sundtindeklima.dk\/index.php?rest_route=\/wp\/v2\/pages"}],"about":[{"href":"https:\/\/sundtindeklima.dk\/index.php?rest_route=\/wp\/v2\/types\/page"}],"author":[{"embeddable":true,"href":"https:\/\/sundtindeklima.dk\/index.php?rest_route=\/wp\/v2\/users\/3"}],"replies":[{"embeddable":true,"href":"https:\/\/sundtindeklima.dk\/index.php?rest_route=%2Fwp%2Fv2%2Fcomments&post=1797"}],"version-history":[{"count":22,"href":"https:\/\/sundtindeklima.dk\/index.php?rest_route=\/wp\/v2\/pages\/1797\/revisions"}],"predecessor-version":[{"id":2242,"href":"https:\/\/sundtindeklima.dk\/index.php?rest_route=\/wp\/v2\/pages\/1797\/revisions\/2242"}],"wp:featuredmedia":[{"embeddable":true,"href":"https:\/\/sundtindeklima.dk\/index.php?rest_route=\/wp\/v2\/media\/612"}],"wp:attachment":[{"href":"https:\/\/sundtindeklima.dk\/index.php?rest_route=%2Fwp%2Fv2%2Fmedia&parent=1797"}],"curies":[{"name":"wp","href":"https:\/\/api.w.org\/{rel}","templated":true}]}}