{"id":1844,"date":"2025-06-20T11:53:57","date_gmt":"2025-06-20T10:53:57","guid":{"rendered":"https:\/\/sundtindeklima.dk\/dj-moroax\/"},"modified":"2025-07-08T12:19:15","modified_gmt":"2025-07-08T10:19:15","slug":"om-os","status":"publish","type":"page","link":"https:\/\/sundtindeklima.dk\/?page_id=1844","title":{"rendered":"Om os"},"content":{"rendered":"\t\t<div data-elementor-type=\"wp-page\" data-elementor-id=\"1844\" class=\"elementor elementor-1844\" data-elementor-post-type=\"page\">\n\t\t\t\t\t\t<section class=\"elementor-section elementor-top-section elementor-element elementor-element-226447 elementor-section-height-min-height elementor-section-boxed elementor-section-height-default elementor-section-items-middle\" data-id=\"226447\" data-element_type=\"section\" data-e-type=\"section\" data-settings=\"{&quot;background_background&quot;:&quot;classic&quot;}\">\n\t\t\t\t\t\t\t<div class=\"elementor-background-overlay\"><\/div>\n\t\t\t\t\t\t\t<div class=\"elementor-container elementor-column-gap-default\">\n\t\t\t\t\t<div class=\"elementor-column elementor-col-100 elementor-top-column elementor-element elementor-element-6cdc1616\" data-id=\"6cdc1616\" data-element_type=\"column\" data-e-type=\"column\">\n\t\t\t<div class=\"elementor-widget-wrap elementor-element-populated\">\n\t\t\t\t\t\t<div class=\"elementor-element elementor-element-2500354c elementor-widget elementor-widget-heading\" data-id=\"2500354c\" data-element_type=\"widget\" data-e-type=\"widget\" data-widget_type=\"heading.default\">\n\t\t\t\t<div class=\"elementor-widget-container\">\n\t\t\t\t\t<h1 class=\"elementor-heading-title elementor-size-default\">Om Sundt-Indeklima ApS<\/h1>\t\t\t\t<\/div>\n\t\t\t\t<\/div>\n\t\t\t\t\t<\/div>\n\t\t<\/div>\n\t\t\t\t\t<\/div>\n\t\t<\/section>\n\t\t\t\t<section class=\"elementor-section elementor-top-section elementor-element elementor-element-31dfb155 elementor-section-boxed elementor-section-height-default elementor-section-height-default\" data-id=\"31dfb155\" data-element_type=\"section\" data-e-type=\"section\">\n\t\t\t\t\t\t<div class=\"elementor-container elementor-column-gap-default\">\n\t\t\t\t\t<div class=\"elementor-column elementor-col-100 elementor-top-column elementor-element elementor-element-276ed97a\" data-id=\"276ed97a\" data-element_type=\"column\" data-e-type=\"column\">\n\t\t\t<div class=\"elementor-widget-wrap elementor-element-populated\">\n\t\t\t\t\t\t<section class=\"elementor-section elementor-inner-section elementor-element elementor-element-5afa9c40 elementor-reverse-mobile elementor-section-boxed elementor-section-height-default elementor-section-height-default\" data-id=\"5afa9c40\" data-element_type=\"section\" data-e-type=\"section\">\n\t\t\t\t\t\t<div class=\"elementor-container elementor-column-gap-default\">\n\t\t\t\t\t<div class=\"elementor-column elementor-col-50 elementor-inner-column elementor-element elementor-element-caa1743\" data-id=\"caa1743\" data-element_type=\"column\" data-e-type=\"column\">\n\t\t\t<div class=\"elementor-widget-wrap elementor-element-populated\">\n\t\t\t\t\t\t<div class=\"elementor-element elementor-element-569532a5 elementor-widget__width-inherit elementor-widget elementor-widget-text-editor\" data-id=\"569532a5\" data-element_type=\"widget\" data-e-type=\"widget\" data-widget_type=\"text-editor.default\">\n\t\t\t\t<div class=\"elementor-widget-container\">\n\t\t\t\t\t\t\t\t\t<p><strong>Sundt-Indeklima tilbyder komplette l\u00f8sninger til virksomheder og organisationer, der \u00f8nsker at skabe et sundt og behageligt arbejdsmilj\u00f8 med renere luft.<\/strong><\/p><div class=\"page-content\"><div class=\"elementor elementor-19\" data-elementor-type=\"wp-page\" data-elementor-id=\"19\" data-elementor-post-type=\"page\"><section class=\"elementor-section elementor-top-section elementor-element elementor-element-750d9198 elementor-section-boxed elementor-section-height-default elementor-section-height-default\" data-id=\"750d9198\" data-element_type=\"section\"><div class=\"elementor-container elementor-column-gap-default\"><div class=\"elementor-column elementor-col-100 elementor-top-column elementor-element elementor-element-6c8eb050\" data-id=\"6c8eb050\" data-element_type=\"column\"><div class=\"elementor-widget-wrap elementor-element-populated\"><div class=\"elementor-element elementor-element-20061b43 elementor-widget elementor-widget-text-editor\" data-id=\"20061b43\" data-element_type=\"widget\" data-widget_type=\"text-editor.default\"><div class=\"elementor-widget-container\"><p>Vi kan hj\u00e6lpe jer med at skabe det bedste indeklima til gavn for de ansattes velv\u00e6re og sundhed \u2013 og p\u00e5 den m\u00e5de ogs\u00e5 til gavn for produktiviteten og virksomhedens v\u00e6kst. Hos Sundt Indeklima tilbyder vi ops\u00e6tning og service af professionelle\u00a0<a href=\"https:\/\/sundtindeklima.dk\/produkter\/\" target=\"_blank\" rel=\"noopener\"><b>vandv\u00e6gge<\/b><\/a>\u00a0valgt ud fra jeres virksomheds behov og \u00f8nsker.<\/p><p>Hos Sundt Indeklima er vi eksperter i godt indeklima og har stor erfaring inden for branchen. Vi har gennem tiden v\u00e6ret med til at skabe sundere arbejdsmilj\u00f8er hos en lang r\u00e6kke virksomheder samt organisationer. Vi g\u00f8r en dyd ud af at s\u00e6tte os ind i den enkelte virksomheds behov, s\u00e5 vi sammen kan finde den l\u00f8sning, der passer allerbedst.<\/p><p>N\u00e5r vi skal vejlede en virksomhed tager vi derfor ogs\u00e5 altid udgangspunkt i en uforpligtende samtale. I samtalen vil vi gerne h\u00f8re mere om de udfordringer og gener I evt. f\u00f8ler i det fysiske arbejdsmilj\u00f8 til hverdag. P\u00e5 baggrund af dette vil vi fort\u00e6lle om vores vandv\u00e6gge, og hvordan de kan forbedre indeklimaet og skabe et sundere arbejdsmilj\u00f8 med f\u00e6rre gener hos medarbejderne.<\/p><p>Lyder det interessant?<\/p><p>Ring til os p\u00e5 telefon\u00a0<strong><a href=\"tel:40768940\">4076 8940<\/a><\/strong>\u00a0eller send en e-mail til\u00a0<a href=\"mailto:info@sundtindeklima.dk\" target=\"_blank\" rel=\"noopener\"><b>info@sundtindeklima.dk<\/b><\/a>. og aftal et uforpligtende m\u00f8de, hvor I kan h\u00f8re mere om vores vandv\u00e6gge og l\u00f8sninger til et bedre indeklima.<\/p><\/div><\/div><div class=\"elementor-element elementor-element-341b427 elementor-widget elementor-widget-text-editor\" data-id=\"341b427\" data-element_type=\"widget\" data-widget_type=\"text-editor.default\"><div class=\"elementor-widget-container\"><p><i><b>Information om Sundt-Indeklima ApS:<br \/><\/b>I dag er det direkt\u00f8r Ren\u00e9 M\u00f8llgren, der leder Sundt-Indeklima ApS, og har siden 2004, arbejdet med, serviceret og udviklet vandv\u00e6gge og bobbelv\u00e6gge til store og sm\u00e5 virksomheder i Danmark<\/i><\/p><\/div><\/div><\/div><\/div><\/div><\/section><\/div><\/div>\t\t\t\t\t\t\t\t<\/div>\n\t\t\t\t<\/div>\n\t\t\t\t<div class=\"elementor-element elementor-element-290f899b elementor-align-left grow elementor-widget__width-auto elementor-widget elementor-widget-button\" data-id=\"290f899b\" data-element_type=\"widget\" data-e-type=\"widget\" data-widget_type=\"button.default\">\n\t\t\t\t<div class=\"elementor-widget-container\">\n\t\t\t\t\t\t\t\t\t<div class=\"elementor-button-wrapper\">\n\t\t\t\t\t<a class=\"elementor-button elementor-button-link elementor-size-sm\" href=\"https:\/\/sundtindeklima.dk\/?page_id=1792\">\n\t\t\t\t\t\t<span class=\"elementor-button-content-wrapper\">\n\t\t\t\t\t\t\t\t\t<span class=\"elementor-button-text\">Kontakt os her<\/span>\n\t\t\t\t\t<\/span>\n\t\t\t\t\t<\/a>\n\t\t\t\t<\/div>\n\t\t\t\t\t\t\t\t<\/div>\n\t\t\t\t<\/div>\n\t\t\t\t\t<\/div>\n\t\t<\/div>\n\t\t\t\t<div class=\"elementor-column elementor-col-50 elementor-inner-column elementor-element elementor-element-1b776a18\" data-id=\"1b776a18\" data-element_type=\"column\" data-e-type=\"column\">\n\t\t\t<div class=\"elementor-widget-wrap elementor-element-populated\">\n\t\t\t\t\t\t<div class=\"elementor-element elementor-element-3b2a8eed elementor-widget elementor-widget-image\" data-id=\"3b2a8eed\" data-element_type=\"widget\" data-e-type=\"widget\" data-widget_type=\"image.default\">\n\t\t\t\t<div class=\"elementor-widget-container\">\n\t\t\t\t\t\t\t\t\t\t\t\t\t\t\t<img fetchpriority=\"high\" decoding=\"async\" width=\"600\" height=\"600\" src=\"https:\/\/sundtindeklima.dk\/wp-content\/uploads\/2021\/05\/cropped-Favicon_sundtindeklima-1.png\" class=\"attachment-full size-full wp-image-210\" alt=\"\" srcset=\"https:\/\/sundtindeklima.dk\/wp-content\/uploads\/2021\/05\/cropped-Favicon_sundtindeklima-1.png 600w, https:\/\/sundtindeklima.dk\/wp-content\/uploads\/2021\/05\/cropped-Favicon_sundtindeklima-1-300x300.png 300w, https:\/\/sundtindeklima.dk\/wp-content\/uploads\/2021\/05\/cropped-Favicon_sundtindeklima-1-150x150.png 150w, https:\/\/sundtindeklima.dk\/wp-content\/uploads\/2021\/05\/elementor\/thumbs\/cropped-Favicon_sundtindeklima-1-pvo1jyuh25s8u4342hpwg0rq8cam5yi5hu57t2oq4c.png 70w\" sizes=\"(max-width: 600px) 100vw, 600px\" title=\"\">\t\t\t\t\t\t\t\t\t\t\t\t\t\t\t<\/div>\n\t\t\t\t<\/div>\n\t\t\t\t\t<\/div>\n\t\t<\/div>\n\t\t\t\t\t<\/div>\n\t\t<\/section>\n\t\t\t\t\t<\/div>\n\t\t<\/div>\n\t\t\t\t\t<\/div>\n\t\t<\/section>\n\t\t\t\t<\/div>\n\t\t","protected":false},"excerpt":{"rendered":"<p>Om Sundt-Indeklima ApS Sundt-Indeklima tilbyder komplette l\u00f8sninger til virksomheder og organisationer, der \u00f8nsker at skabe et sundt og behageligt arbejdsmilj\u00f8 med renere luft. Vi kan hj\u00e6lpe jer med at skabe det bedste indeklima til gavn for de ansattes velv\u00e6re og sundhed \u2013 og p\u00e5 den m\u00e5de ogs\u00e5 til gavn for produktiviteten og virksomhedens v\u00e6kst. Hos [&hellip;]<\/p>\n","protected":false},"author":3,"featured_media":534,"parent":0,"menu_order":0,"comment_status":"closed","ping_status":"closed","template":"","meta":{"footnotes":""},"class_list":["post-1844","page","type-page","status-publish","has-post-thumbnail","hentry"],"_links":{"self":[{"href":"https:\/\/sundtindeklima.dk\/index.php?rest_route=\/wp\/v2\/pages\/1844","targetHints":{"allow":["GET"]}}],"collection":[{"href":"https:\/\/sundtindeklima.dk\/index.php?rest_route=\/wp\/v2\/pages"}],"about":[{"href":"https:\/\/sundtindeklima.dk\/index.php?rest_route=\/wp\/v2\/types\/page"}],"author":[{"embeddable":true,"href":"https:\/\/sundtindeklima.dk\/index.php?rest_route=\/wp\/v2\/users\/3"}],"replies":[{"embeddable":true,"href":"https:\/\/sundtindeklima.dk\/index.php?rest_route=%2Fwp%2Fv2%2Fcomments&post=1844"}],"version-history":[{"count":14,"href":"https:\/\/sundtindeklima.dk\/index.php?rest_route=\/wp\/v2\/pages\/1844\/revisions"}],"predecessor-version":[{"id":2105,"href":"https:\/\/sundtindeklima.dk\/index.php?rest_route=\/wp\/v2\/pages\/1844\/revisions\/2105"}],"wp:featuredmedia":[{"embeddable":true,"href":"https:\/\/sundtindeklima.dk\/index.php?rest_route=\/wp\/v2\/media\/534"}],"wp:attachment":[{"href":"https:\/\/sundtindeklima.dk\/index.php?rest_route=%2Fwp%2Fv2%2Fmedia&parent=1844"}],"curies":[{"name":"wp","href":"https:\/\/api.w.org\/{rel}","templated":true}]}}

<div data-elementor-type="wp-page" data-elementor-id="1844" class="elementor elementor-1844" data-elementor-post-type="page">
						<section class="elementor-section elementor-top-section elementor-element elementor-element-226447 elementor-section-height-min-height elementor-section-boxed elementor-section-height-default elementor-section-items-middle" data-id="226447" data-element_type="section" data-e-type="section" data-settings="{&quot;background_background&quot;:&quot;classic&quot;}">
							<div class="elementor-background-overlay"></div>
							<div class="elementor-container elementor-column-gap-default">
					<div class="elementor-column elementor-col-100 elementor-top-column elementor-element elementor-element-6cdc1616" data-id="6cdc1616" data-element_type="column" data-e-type="column">
			<div class="elementor-widget-wrap elementor-element-populated">
						<div class="elementor-element elementor-element-2500354c elementor-widget elementor-widget-heading" data-id="2500354c" data-element_type="widget" data-e-type="widget" data-widget_type="heading.default">
				<div class="elementor-widget-container">
					<h1 class="elementor-heading-title elementor-size-default">Om Sundt-Indeklima ApS</h1>				</div>
				</div>
					</div>
		</div>
					</div>
		</section>
				<section class="elementor-section elementor-top-section elementor-element elementor-element-31dfb155 elementor-section-boxed elementor-section-height-default elementor-section-height-default" data-id="31dfb155" data-element_type="section" data-e-type="section">
						<div class="elementor-container elementor-column-gap-default">
					<div class="elementor-column elementor-col-100 elementor-top-column elementor-element elementor-element-276ed97a" data-id="276ed97a" data-element_type="column" data-e-type="column">
			<div class="elementor-widget-wrap elementor-element-populated">
						<section class="elementor-section elementor-inner-section elementor-element elementor-element-5afa9c40 elementor-reverse-mobile elementor-section-boxed elementor-section-height-default elementor-section-height-default" data-id="5afa9c40" data-element_type="section" data-e-type="section">
						<div class="elementor-container elementor-column-gap-default">
					<div class="elementor-column elementor-col-50 elementor-inner-column elementor-element elementor-element-caa1743" data-id="caa1743" data-element_type="column" data-e-type="column">
			<div class="elementor-widget-wrap elementor-element-populated">
						<div class="elementor-element elementor-element-569532a5 elementor-widget__width-inherit elementor-widget elementor-widget-text-editor" data-id="569532a5" data-element_type="widget" data-e-type="widget" data-widget_type="text-editor.default">
				<div class="elementor-widget-container">
									<p><strong>Sundt-Indeklima tilbyder komplette løsninger til virksomheder og organisationer, der ønsker at skabe et sundt og behageligt arbejdsmiljø med renere luft.</strong></p><div class="page-content"><div class="elementor elementor-19" data-elementor-type="wp-page" data-elementor-id="19" data-elementor-post-type="page"><section class="elementor-section elementor-top-section elementor-element elementor-element-750d9198 elementor-section-boxed elementor-section-height-default elementor-section-height-default" data-id="750d9198" data-element_type="section"><div class="elementor-container elementor-column-gap-default"><div class="elementor-column elementor-col-100 elementor-top-column elementor-element elementor-element-6c8eb050" data-id="6c8eb050" data-element_type="column"><div class="elementor-widget-wrap elementor-element-populated"><div class="elementor-element elementor-element-20061b43 elementor-widget elementor-widget-text-editor" data-id="20061b43" data-element_type="widget" data-widget_type="text-editor.default"><div class="elementor-widget-container"><p>Vi kan hjælpe jer med at skabe det bedste indeklima til gavn for de ansattes velvære og sundhed – og på den måde også til gavn for produktiviteten og virksomhedens vækst. Hos Sundt Indeklima tilbyder vi opsætning og service af professionelle <a href="https://sundtindeklima.dk/produkter/" target="_blank" rel="noopener"><b>vandvægge</b></a> valgt ud fra jeres virksomheds behov og ønsker.</p><p>Hos Sundt Indeklima er vi eksperter i godt indeklima og har stor erfaring inden for branchen. Vi har gennem tiden været med til at skabe sundere arbejdsmiljøer hos en lang række virksomheder samt organisationer. Vi gør en dyd ud af at sætte os ind i den enkelte virksomheds behov, så vi sammen kan finde den løsning, der passer allerbedst.</p><p>Når vi skal vejlede en virksomhed tager vi derfor også altid udgangspunkt i en uforpligtende samtale. I samtalen vil vi gerne høre mere om de udfordringer og gener I evt. føler i det fysiske arbejdsmiljø til hverdag. På baggrund af dette vil vi fortælle om vores vandvægge, og hvordan de kan forbedre indeklimaet og skabe et sundere arbejdsmiljø med færre gener hos medarbejderne.</p><p>Lyder det interessant?</p><p>Ring til os på telefon <strong><a href="tel:40768940">4076 8940</a></strong> eller send en e-mail til <a href="mailto:info@sundtindeklima.dk" target="_blank" rel="noopener"><b>info@sundtindeklima.dk</b></a>. og aftal et uforpligtende møde, hvor I kan høre mere om vores vandvægge og løsninger til et bedre indeklima.</p></div></div><div class="elementor-element elementor-element-341b427 elementor-widget elementor-widget-text-editor" data-id="341b427" data-element_type="widget" data-widget_type="text-editor.default"><div class="elementor-widget-container"><p><i><b>Information om Sundt-Indeklima ApS:<br /></b>I dag er det direktør René Møllgren, der leder Sundt-Indeklima ApS, og har siden 2004, arbejdet med, serviceret og udviklet vandvægge og bobbelvægge til store og små virksomheder i Danmark</i></p></div></div></div></div></div></section></div></div>								</div>
				</div>
				<div class="elementor-element elementor-element-290f899b elementor-align-left grow elementor-widget__width-auto elementor-widget elementor-widget-button" data-id="290f899b" data-element_type="widget" data-e-type="widget" data-widget_type="button.default">
				<div class="elementor-widget-container">
									<div class="elementor-button-wrapper">
					<a class="elementor-button elementor-button-link elementor-size-sm" href="https://sundtindeklima.dk/?page_id=1792">
						<span class="elementor-button-content-wrapper">
									<span class="elementor-button-text">Kontakt os her</span>
					</span>
					</a>
				</div>
								</div>
				</div>
					</div>
		</div>
				<div class="elementor-column elementor-col-50 elementor-inner-column elementor-element elementor-element-1b776a18" data-id="1b776a18" data-element_type="column" data-e-type="column">
			<div class="elementor-widget-wrap elementor-element-populated">
						<div class="elementor-element elementor-element-3b2a8eed elementor-widget elementor-widget-image" data-id="3b2a8eed" data-element_type="widget" data-e-type="widget" data-widget_type="image.default">
				<div class="elementor-widget-container">
															<img fetchpriority="high" decoding="async" width="600" height="600" src="https://sundtindeklima.dk/wp-content/uploads/2021/05/cropped-Favicon_sundtindeklima-1.png" class="attachment-full size-full wp-image-210" alt="" srcset="https://sundtindeklima.dk/wp-content/uploads/2021/05/cropped-Favicon_sundtindeklima-1.png 600w, https://sundtindeklima.dk/wp-content/uploads/2021/05/cropped-Favicon_sundtindeklima-1-300x300.png 300w, https://sundtindeklima.dk/wp-content/uploads/2021/05/cropped-Favicon_sundtindeklima-1-150x150.png 150w, https://sundtindeklima.dk/wp-content/uploads/2021/05/elementor/thumbs/cropped-Favicon_sundtindeklima-1-pvo1jyuh25s8u4342hpwg0rq8cam5yi5hu57t2oq4c.png 70w" sizes="(max-width: 600px) 100vw, 600px" title="">															</div>
				</div>
					</div>
		</div>
					</div>
		</section>
					</div>
		</div>
					</div>
		</section>
				</div>

<p>Om Sundt-Indeklima ApS Sundt-Indeklima tilbyder komplette løsninger til virksomheder og organisationer, der ønsker at skabe et sundt og behageligt arbejdsmiljø med renere luft. Vi kan hjælpe jer med at skabe det bedste indeklima til gavn for de ansattes velvære og sundhed – og på den måde også til gavn for produktiviteten og virksomhedens vækst. Hos [&hellip;]</p>
